{"id":28,"date":"2009-09-23T20:28:47","date_gmt":"2009-09-23T18:28:47","guid":{"rendered":"http:\/\/ellenkc.dk\/blog\/?page_id=28"},"modified":"2019-03-16T11:01:46","modified_gmt":"2019-03-16T10:01:46","slug":"%c3%b8nskeseddel","status":"publish","type":"page","link":"https:\/\/www.ellenkc.dk\/blog\/?page_id=28","title":{"rendered":"\u00d8nskeseddel"},"content":{"rendered":"<p><strong>Ellens \u00f8nskeseddel<\/strong><br \/>\n<!--li>Br\u00e6tspil til hendes alder<\/li-->\n<ul>\n<!--\n \t\n\n<li>Computerspil p\u00e5 Steam.<\/li>\n\n\n \t\n\n<li><a href=\"https:\/\/www.fangamer.com\/products\/undertale-undyne-figurine\">Undyne Statue<\/a><\/li>\n\n\n \t\n\n<li>Air Hogs Thunder Trax med controller<\/li>\n\n\n \t\n\n<li>Orbeez fodspa<\/li>\n\n\n \t\n\n<li>Wii U (og spillet Yoshi's Woolly World)<\/li>\n\n\n \t\n\n<li>Massagebolde<\/li>\n\n\n \t\n\n<li>Twister<\/li>\n\n\n \t\n\n<li>Wobbly Worm<\/li>\n\n\n \t\n\n<li><a href=\"https:\/\/www.fangamer.com\/products\/undyne-shirt\">Undyne t-shirt<\/a><\/li>\n\n\n \t\n\n<li>Kattestang (til Anyanka)<\/li>\n\n\n \t\n\n<li>Kattelaser (til Anyanka)<\/li>\n\n\n \t\n\n<li>Kattegodbidder (til Anyanka)<\/li>\n\n\n \t\n\n<li>iPad<\/li>\n\n\n \t\n\n<li>LEGO Wedo 2.0<\/li>\n\n\n--><\/p>\n<li>Penge til VR-briller<\/li>\n<li>Computerspil, eller penge til dem:<\/li>\n<ul>\n<li>SIMS 4<\/li>\n<li>Subnautica &#8211; Below Zero<\/li>\n<\/ul>\n<li>Nyt sikkerhedsudstyr til rullesk\u00f8jter<\/li>\n<ul>\n<li>H\u00e5ndledsbeskyttere, kn\u00e6beskyttere, albuebeskyttere<\/li>\n<li>Cykelhjelm<\/li>\n<\/ul>\n<li>Silk clay<\/li>\n<\/ul>\n<p><strong>Karens \u00f8nskeseddel<\/strong><\/p>\n<ul>\n<li style=\"list-style-type: none;\">&nbsp;<\/li>\n<li>Oplevelser<\/li>\n<li>Fodbad<\/li>\n<li>Original apple-oplader til iPad (model Air 2)<\/li>\n<li>Alle de bl\u00f8de bamser hun kan se i leget\u00f8jskataloget (men hun har vist mindst 50 allerede)<\/li>\n<li>Kjoler<\/li>\n<li>Basist\u00f8j &#8211; trusser, tr\u00f8jer, bukser (ikke str\u00f8nkpebukser)<\/li>\n<li>Sko med velcrolukning (str 35)<\/li>\n<li>Penge til en cykel<\/li>\n<\/ul>\n<p>Ellen bruger st\u00f8rrelse 158\/164 og Karen bruger st\u00f8rrelse 140\/146. Og f\u00e6lles for dem er, at det de \u00f8nsker sig gerne m\u00e5 v\u00e6re brugt.<\/p>\n","protected":false},"excerpt":{"rendered":"<p>Ellens \u00f8nskeseddel Penge til VR-briller Computerspil, eller penge til dem: SIMS 4 Subnautica &#8211; Below Zero Nyt sikkerhedsudstyr til rullesk\u00f8jter H\u00e5ndledsbeskyttere, kn\u00e6beskyttere, albuebeskyttere Cykelhjelm Silk clay Karens \u00f8nskeseddel &nbsp; Oplevelser Fodbad Original apple-oplader til iPad (model Air 2) Alle de bl\u00f8de bamser hun kan se i leget\u00f8jskataloget (men hun har vist mindst 50 allerede) Kjoler [&hellip;]<\/p>\n","protected":false},"author":3,"featured_media":0,"parent":0,"menu_order":0,"comment_status":"open","ping_status":"open","template":"","meta":{"footnotes":""},"class_list":["post-28","page","type-page","status-publish","hentry"],"_links":{"self":[{"href":"https:\/\/www.ellenkc.dk\/blog\/index.php?rest_route=\/wp\/v2\/pages\/28","targetHints":{"allow":["GET"]}}],"collection":[{"href":"https:\/\/www.ellenkc.dk\/blog\/index.php?rest_route=\/wp\/v2\/pages"}],"about":[{"href":"https:\/\/www.ellenkc.dk\/blog\/index.php?rest_route=\/wp\/v2\/types\/page"}],"author":[{"embeddable":true,"href":"https:\/\/www.ellenkc.dk\/blog\/index.php?rest_route=\/wp\/v2\/users\/3"}],"replies":[{"embeddable":true,"href":"https:\/\/www.ellenkc.dk\/blog\/index.php?rest_route=%2Fwp%2Fv2%2Fcomments&post=28"}],"version-history":[{"count":91,"href":"https:\/\/www.ellenkc.dk\/blog\/index.php?rest_route=\/wp\/v2\/pages\/28\/revisions"}],"predecessor-version":[{"id":4694,"href":"https:\/\/www.ellenkc.dk\/blog\/index.php?rest_route=\/wp\/v2\/pages\/28\/revisions\/4694"}],"wp:attachment":[{"href":"https:\/\/www.ellenkc.dk\/blog\/index.php?rest_route=%2Fwp%2Fv2%2Fmedia&parent=28"}],"curies":[{"name":"wp","href":"https:\/\/api.w.org\/{rel}","templated":true}]}}